{"id":3983,"date":"2018-11-17T20:51:38","date_gmt":"2018-11-17T20:51:38","guid":{"rendered":"http:\/\/www.tartufiarezzo.it\/?page_id=3983"},"modified":"2025-06-02T18:39:38","modified_gmt":"2025-06-02T18:39:38","slug":"in-cosa-consiste-il-mio-addestramento","status":"publish","type":"page","link":"https:\/\/www.tartufiarezzo.it\/?page_id=3983","title":{"rendered":"IN COSA CONSISTE IL MIO ADDESTRAMENTO:"},"content":{"rendered":"<p><span style=\"color: #ff0000;\"><strong><u>In cosa consiste il Mio\u00a0 addestramento, che chiamerei educazione al tartufo piu che addestramento non una cosa meccanica a comando ma\u00a0 un vero e proprio\u00a0 stile di vita :<\/u><\/strong><\/span><\/p>\n<p><strong>\u00a0<\/strong><\/p>\n<h2><span style=\"color: #ff0000;\"><strong>collegamento:<\/strong><\/span><\/h2>\n<h3>cio\u00e8 stare con lui il pi\u00f9 possibile soprattutto per farlo socializzare con il mondo che lo circonda e quello che poi trover\u00e0 al bosco, giocando e premiando molto ma l\u2019obbiettivo qual \u2019 \u00e8?<\/h3>\n<h2><span style=\"color: #ff0000;\"><strong>Questo<\/strong>:<\/span><\/h2>\n<h3>devi arrivare al punto che il cane controlli te e non viceversa esempio qualcuno mi dice ma se lo chiamo lui viene e io dico certo se viene quando lo chiami \u00e8 un cane Ubbediente ma non educato perche quello educato sta con te e basta senza dire niente\u00a0\u00a0 \u00a0per questo lo definisco\u00a0 uno stile di vita,<\/h3>\n<h2><span style=\"color: #ff0000;\"><strong>l\u2019ubbidienza:<\/strong><\/span><\/h2>\n<h3>qua su\u00a0 gi\u00f9 seduto\u00a0 terra resta ed altro sono ordini a cui il cane deve obbedire\u00a0 immediatamente ma questo succede solo usando il metodo giusto , cio\u00e8 \u00a0deve obbedire per rispetto del capobranco ma anche perche ha capito cosa fare , \u00a0l\u2019obbiettivo qual \u2019\u00e8?<\/h3>\n<h2><span style=\"color: #ff0000;\"><strong>Questo<\/strong>:<\/span><\/h2>\n<h3>secondo me gli ordini vanno dati solo in caso di pericolo come il \u201cqua\u201d o\u00a0 \u201cresta\u201d , come \u201cterra\u201d o \u201cresta\u201d sul bianco per non rovinarlo ecco perche l\u2019ubbidienza deve essere immediata!!!. Questo succede solo se il cane \u00e8 collegato cio\u00e8 se ha la testa su di noi controllandoci.<\/h3>\n<h2><span style=\"color: #ff0000;\"><strong>l\u2019educazione al tartufo:<\/strong><\/span><\/h2>\n<h3>tecniche di associazione cerca scavo riporto del tartufo addestramento di base ,poi \u00a0con i vari metodi andiamo a specializzare il cane su certi passaggi e tipologia di tartufi,\u00a0 l\u2019obbiettivo qual \u2019\u00e8?<\/h3>\n<h2><span style=\"color: #ff0000;\"><strong>Questo<\/strong>:<\/span><\/h2>\n<h3>creare un cane che ha la cerca indipendente non a comando , un cane che cerca con passione perche gli piace , un cane che cerca per gratificarci perche collegato , ripeto, cerca con il massimo della concentrazione ,\u00e8 su questo dobbiamo \u00a0lavorare , tutti i cani trovano i tartufi ma pochissimi li cercano,<\/h3>\n<h2><span style=\"color: #ff0000;\"><strong>spero di essermi spiegato, ciao,lauro.<\/strong><\/span><\/h2>\n<p><!-- Inizio Codice ShinyStat --><br \/>\n<script type=\"text\/javascript\" src=\"\/\/codice.shinystat.com\/cgi-bin\/getcod.cgi?USER=lauro23\"><\/script>&lt;!&#8211; Inizio Codice ShinyStat &#8211;&gt;<br \/>\n&lt;script src=&#8221;\/\/codice.shinystat.com\/cgi-bin\/getcod.cgi?USER=SS-52214027-cd03b&#8221;&gt;&lt;\/script&gt;<br \/>\n&lt;noscript&gt;<br \/>\n&lt;a href=&#8221;https:\/\/www.shinystat.com\/it\/&#8221; target=&#8221;_top&#8221;&gt;<br \/>\n&lt;img src=&#8221;\/\/www.shinystat.com\/cgi-bin\/shinystat.cgi?USER=SS-52214027-cd03b&#8221; alt=&#8221;Statistiche web&#8221; style=&#8221;border:0px&#8221; \/&gt;&lt;\/a&gt;<br \/>\n&lt;\/noscript&gt;<br \/>\n&lt;!&#8211; Fine Codice ShinyStat &#8211;&gt;<\/p>\n<p><noscript><br \/>\n<a href=\"\/\/www.shinystat.com\/it\/\" target=\"_top\" rel=\"noopener\"><br \/>\n<img decoding=\"async\" src=\"\/\/www.shinystat.com\/cgi-bin\/shinystat.cgi?USER=lauro23\" alt=\"Statistiche\" style=\"border:0px\"\/><\/a><br \/>\n<\/noscript><br \/>\n<!-- Fine Codice ShinyStat --><\/p>\n","protected":false},"excerpt":{"rendered":"<p>In cosa consiste il Mio\u00a0 addestramento, che chiamerei educazione al tartufo piu che addestramento non una cosa meccanica a comando ma\u00a0 un vero e proprio\u00a0 stile di vita : \u00a0 collegamento: cio\u00e8 stare con lui il pi\u00f9 possibile soprattutto per &hellip; <a href=\"https:\/\/www.tartufiarezzo.it\/?page_id=3983\">Continua a leggere<span class=\"meta-nav\">&rarr;<\/span><\/a><\/p>\n","protected":false},"author":1,"featured_media":0,"parent":0,"menu_order":0,"comment_status":"open","ping_status":"closed","template":"","meta":{"footnotes":""},"class_list":["post-3983","page","type-page","status-publish","hentry"],"_links":{"self":[{"href":"https:\/\/www.tartufiarezzo.it\/index.php?rest_route=\/wp\/v2\/pages\/3983","targetHints":{"allow":["GET"]}}],"collection":[{"href":"https:\/\/www.tartufiarezzo.it\/index.php?rest_route=\/wp\/v2\/pages"}],"about":[{"href":"https:\/\/www.tartufiarezzo.it\/index.php?rest_route=\/wp\/v2\/types\/page"}],"author":[{"embeddable":true,"href":"https:\/\/www.tartufiarezzo.it\/index.php?rest_route=\/wp\/v2\/users\/1"}],"replies":[{"embeddable":true,"href":"https:\/\/www.tartufiarezzo.it\/index.php?rest_route=%2Fwp%2Fv2%2Fcomments&post=3983"}],"version-history":[{"count":12,"href":"https:\/\/www.tartufiarezzo.it\/index.php?rest_route=\/wp\/v2\/pages\/3983\/revisions"}],"predecessor-version":[{"id":4819,"href":"https:\/\/www.tartufiarezzo.it\/index.php?rest_route=\/wp\/v2\/pages\/3983\/revisions\/4819"}],"wp:attachment":[{"href":"https:\/\/www.tartufiarezzo.it\/index.php?rest_route=%2Fwp%2Fv2%2Fmedia&parent=3983"}],"curies":[{"name":"wp","href":"https:\/\/api.w.org\/{rel}","templated":true}]}}